?
False
Does 9 divide 649?
False
Does 77 divide 231?
True
Is 1940 a multiple of 16?
False
Is 102 a factor of 6639?
False
Is 10576 a multiple of 8?
True
Is 10 a factor of 54631?
False
Is 11 a factor of 623?
False
Is 9 a factor of 242?
False
Is 95 a factor of 11780?
True
Is 82 a factor of 10362?
False
Is 5562 a multiple of 18?
True
Is 10016 a multiple of 37?
False
Is 84 a factor of 29181?
False
Is 13 a factor of 6215?
False
Is 256 a multiple of 32?
True
Is 2610 a multiple of 18?
True
Is 14 a factor of 12572?
True
Is 8 a factor of 864?
True
Is 41 a factor of 2471?
False
Is 13 a factor of 4355?
True
Is 19 a factor of 349?
False
Is 1665 a multiple of 190?
False
Does 15 divide 465?
True
Is 1856 a multiple of 29?
True
Does 198 divide 51751?
False
Is 18 a factor of 26154?
True
Is 96 a multiple of 4?
True
Is 510 a multiple of 12?
False
Does 31 divide 22289?
True
Is 300 a multiple of 10?
True
Is 9380 a multiple of 7?
True
Does 30 divide 2603?
False
Does 32 divide 18471?
False
Is 7 a factor of 4839?
False
Is 4221 a multiple of 9?
True
Is 872 a multiple of 12?
False
Is 15360 a multiple of 7?
False
Does 76 divide 2197?
False
Is 61084 a multiple of 18?
False
Is 181 a multiple of 11?
False
Is 3 a factor of 432?
True
Is 81017 a multiple of 8?
False
Does 3 divide 110?
False
Is 667 a multiple of 23?
True
Is 23 a factor of 1533?
False
Is 42 a factor of 336?
True
Is 2063 a multiple of 28?
False
Does 28 divide 327?
False
Does 16 divide 302?
False
Does 34 divide 3332?
True
Is 32724 a multiple of 6?
True
Is 485 a multiple of 5?
True
Is 645 a multiple of 5?
True
Does 9 divide 351?
True
Does 9 divide 20?
False
Does 16 divide 160?
True
Is 25357 a multiple of 17?
False
Is 3 a factor of 111?
True
Is 13622 a multiple of 14?
True
Is 76840 a multiple of 34?
True
Does 125 divide 45720?
False
Does 2 divide 640?
True
Does 9 divide 117?
True
Is 56 a factor of 59192?
True
Is 9966 a multiple of 7?
False
Is 10 a factor of 790?
True
Does 22 divide 2253?
False
Does 16 divide 752?
True
Does 110 divide 36850?
True
Does 5 divide 305?
True
Does 4 divide 176?
True
Is 1232 a multiple of 44?
True
Does 5 divide 2236?
False
Is 1400 a multiple of 20?
True
Does 54 divide 648?
True
Is 750 a multiple of 43?
False
Is 83 a factor of 1660?
True
Is 189 a factor of 3844?
False
Is 21 a multiple of 2?
False
Is 87 a factor of 2417?
False
Is 9 a factor of 2106?
True
Does 24 divide 2832?
True
Is 24443 a multiple of 284?
False
Is 3784 a multiple of 86?
True
Is 45 a factor of 855?
True
Is 51 a factor of 7089?
True
Is 5 a factor of 3551?
False
Does 3 divide 421?
False
Does 235 divide 9165?
True
Does 48 divide 962?
False
Is 7255 a multiple of 4?
False
Is 1855 a multiple of 10?
False
Is 340 a multiple of 170?
True
Does 21 divide 573?
False
Does 173 divide 83732?
True
Is 12889 a multiple of 31?
False
Is 3116 a multiple of 4?
True
Does 12 divide 7644?
True
Does 76 divide 34913?
False
Is 4477 a multiple of 4?
False
Is 1660 a multiple of 43?
False
Is 19 a factor of 29659?
True
Does 6 divide 4798?
False
Is 312 a multiple of 24?
True
Is 1015 a multiple of 35?
True
Does 108 divide 2160?
True
Does 149 divide 36803?
True
Does 74 divide 370?
True
Is 208 a multiple of 8?
True
Is 308 a multiple of 14?
True
Is 132 a multiple of 31?
False
Does 4 divide 696?
True
Is 7555 a multiple of 103?
False
Is 197 a multiple of 40?
False
Is 17353 a multiple of 39?
False
Does 39 divide 1248?
True
Is 10257 a multiple of 39?
True
Does 57 divide 285?
True
Is 750 a multiple of 15?
True
Is 29106 a multiple of 105?
False
Does 125 divide 4978?
False
Is 1313 a multiple of 62?
False
Is 28 a factor of 1064?
True
Is 13224 a multiple of 114?
True
Is 10 a factor of 270?
True
Is 60 a factor of 540?
True
Is 732 a multiple of 2?
True
Does 49 divide 1323?
True
Is 57346 a multiple of 15?
False
Is 174 a factor of 38544?
False
Does 13 divide 7137?
True
Is 2125 a multiple of 17?
True
Is 7541 a multiple of 2?
False
Does 15 divide 252?
False
Is 821 a multiple of 77?
False
Is 4379 a multiple of 151?
True
Does 6 divide 3214?
False
Is 186 a multiple of 9?
False
Is 51 a multiple of 3?
True
Does 95 divide 128414?
False
Is 18 a factor of 1887?
False
Is 8195 a multiple of 11?
True
Is 3125 a multiple of 4?
False
Is 13340 a multiple of 20?
True
Is 32 a factor of 5280?
True
Is 22865 a multiple of 65?
False
Does 21 divide 17983?
False
Is 15 a factor of 543?
False
Is 21120 a multiple of 120?
True
Is 46 a factor of 46736?
True
Is 18 a factor of 3570?
False
Does 88 divide 8800?
True
Is 69 a factor of 32226?
False
Is 22544 a multiple of 14?
False
Is 8 a factor of 6760?
True
Is 84 a factor of 8484?
True
Is 424 a multiple of 52?
False
Is 99 a factor of 4844?
False
Is 880 a multiple of 5?
True
Is 72 a multiple of 4?
True
Is 3 a factor of 576?
True
Is 19 a multiple of 5?
False
Is 22970 a multiple of 17?
False
Does 172 divide 15157?
False
Does 46 divide 9292?
True
Does 29 divide 2726?
True
Is 27 a factor of 7101?
True
Is 3240 a multiple of 60?
True
Is 21 a factor of 21377?
False
Is 340 a factor of 40800?
True
Is 122 a multiple of 12?
False
Does 121 divide 5912?
False
Is 64 a factor of 649?
False
Is 5 a factor of 7760?
True
Is 519 a multiple of 15?
False
Is 35 a factor of 10449?
False
Is 11 a factor of 1151?
False
Is 2 a factor of 821?
False
Does 64 divide 10288?
False
Does 39 divide 10023?
True
Is 114 a factor of 1026?
True
Is 12 a factor of 756?
True
Does 3 divide 293?
False
Does 7 divide 91?
True
Is 15 a factor of 705?
True
Does 4 divide 12932?
True
Is 79 a factor of 869?
True
Is 22 a factor of 106?
False
Is 34 a factor of 70723?
False
Is 9 a factor of 4347?
True
Is 3750 a multiple of 25?
True
Is 8162 a multiple of 8?
False
Is 4677 a multiple of 97?
False
Is 18 a factor of 234?
True
Is 9 a factor of 36602?
False
Is 2 a factor of 157?
False
Is 45 a factor of 2475?
True
Is 3 a factor of 201?
True
Is 236 a factor of 160651?
False
Is 14787 a multiple of 9?
True
Is 128 a factor of 768?
True
Is 22724 a multiple of 23?
True
Is 40 a factor of 4840?
True
Is 61 a factor of 610?
True
Is 54526 a multiple of 99?
False
Is 46572 a multiple of 12?
True
Is 2600 a multiple of 20?
True
Is 2 a factor of 227?
False
Is 93 a factor of 1953?
True
Is 13731 a multiple of 23?
True
Is 52258 a multiple of 34?
True
Is 187 a factor of 7432?
False
Is 668 a multiple of 17?
False
Is 112 a multiple of 2?
True
Does 33 divide 2435?
False
Does 19 divide 21153?
False
Does 3 divide 171?
True
Is 463 a multiple of 6?
False
Does 19 divide 1216?
True
Does 20 divide 166?
False
Does 13 divide 49582?
True
Is 3432 a multiple of 11?
True
Is 45 a factor of 405?
True
Is 7635 a multiple of 15?
True
Is 130 a multiple of 5?
True
Is 35 a factor of 280?
True
Is 10 a factor of 600?
True
Does 97 divide 26257?
False
Does 123 divide 1639?
False
Is 11 a factor of 1254?
True
Does 122 divide 16470?
True
Is 9 a factor of 5072?
False
Is 120 a multiple of 15?
True
Is 13 a factor of 2873?
True
Does 3 divide 67?
False
Is 15 a factor of 2725?
False
Is 419 a multiple of 4?
False
Does 6 divide 18?
True
Is 5 a factor of 410?
True
Does 132 divide 3300?
True
Is 51 a factor of 5359?
False
Does 18 divide 126?
True
Is 6824 a multiple of 8?
True
Is 1564 a multiple of 23?
True
Is 16110 a multiple of 45?
True
Does 40 divide 2214?
False
Is 464 a multiple of 66?
False
Is 608 a multiple of 63?
False
Is 218 a factor of 7267?
False
Does 14 divide 8938?
False
Is 163 a factor of 16580?
False
Is 1066 a multiple of 23?
False
Does 54 divide 1474?
False
Does 24 divide 744?
True
Is 51 a factor of 6965?
False
Is 55 a factor of 33495?
True
Is 12 a factor of 243?
False
Is 17612 a multiple of 34?
True
Is 24 a factor of 1080?
True
Is 554 a multiple of 52?
False
Is 24 a factor of 3446?
False
Does 58 divide 71572?
True
Is 39835 a multiple of 8?
False
Is 4165 a multiple of 17?
True
Is 26 a factor of 5720?
True
Does 17 divide 1699?
False
Does 11 divide 440?
True
Is 1371 a multiple of 37?
False
Is 2282 a multiple of 41?
False
Does 22 divide 1424?
False
Is 22 a factor of 12572?
False
Is 28 a factor of 692?
False
Is 93 a factor of 1209?
True
Does 13 divide 4173?
True
Is 53 a factor of 29415?
True
Is 8 a factor of 5284?
False
Does 116 divide 66816?
True
Is 336 a multiple of 21?
True
Is 22 a factor of 107?
False
Does 42 divide 924?
True
Is 504 a multiple of 21?
True
Is 117 a f